{"id":381,"date":"2024-10-27T16:41:15","date_gmt":"2024-10-27T15:41:15","guid":{"rendered":"https:\/\/heimatmuseum-allendorf.de\/?post_type=tribe_events&#038;p=381"},"modified":"2024-10-27T16:47:25","modified_gmt":"2024-10-27T15:47:25","slug":"museumsgebaeude-und-buergertreff-geoeffnet","status":"publish","type":"tribe_events","link":"https:\/\/heimatmuseum-allendorf.de\/?tribe_events=museumsgebaeude-und-buergertreff-geoeffnet","title":{"rendered":"Museumsgeb\u00e4ude und B\u00fcrgertreff ge\u00f6ffnet"},"content":{"rendered":"<table width=\"100%\">\n<tbody>\n<tr>\n<td>Anmeldung<\/td>\n<\/tr>\n<\/tbody>\n<\/table>\n<p>Heimat\u2013 und Verkehrsverein<\/p>\n<p>35469 Allendorf\/Lumda e.V.<\/p>\n<p>Auf der Dreispitz 14<\/p>\n<p>Tel.: 06407-5267, Fax: 06407-404629<\/p>\n<p>Mobil: 0160-94939544<\/p>\n<p>www. heimatmuseum-allendorf.de<\/p>\n<p>E-Mail:<\/p>\n<p>heimatverein-allendorf-lda@web.de<\/p>\n","protected":false},"excerpt":{"rendered":"<p>Anmeldung Heimat\u2013 und Verkehrsverein 35469 Allendorf\/Lumda e.V. Auf der Dreispitz 14 Tel.: 06407-5267, Fax: 06407-404629 Mobil: 0160-94939544 www. heimatmuseum-allendorf.de E-Mail: heimatverein-allendorf-lda@web.de<\/p>\n","protected":false},"author":3,"featured_media":0,"template":"","meta":{"_tribe_events_status":"","_tribe_events_status_reason":"","footnotes":""},"tags":[],"tribe_events_cat":[],"class_list":["post-381","tribe_events","type-tribe_events","status-publish","hentry"],"_links":{"self":[{"href":"https:\/\/heimatmuseum-allendorf.de\/index.php?rest_route=\/wp\/v2\/tribe_events\/381","targetHints":{"allow":["GET"]}}],"collection":[{"href":"https:\/\/heimatmuseum-allendorf.de\/index.php?rest_route=\/wp\/v2\/tribe_events"}],"about":[{"href":"https:\/\/heimatmuseum-allendorf.de\/index.php?rest_route=\/wp\/v2\/types\/tribe_events"}],"author":[{"embeddable":true,"href":"https:\/\/heimatmuseum-allendorf.de\/index.php?rest_route=\/wp\/v2\/users\/3"}],"version-history":[{"count":2,"href":"https:\/\/heimatmuseum-allendorf.de\/index.php?rest_route=\/wp\/v2\/tribe_events\/381\/revisions"}],"predecessor-version":[{"id":384,"href":"https:\/\/heimatmuseum-allendorf.de\/index.php?rest_route=\/wp\/v2\/tribe_events\/381\/revisions\/384"}],"wp:attachment":[{"href":"https:\/\/heimatmuseum-allendorf.de\/index.php?rest_route=%2Fwp%2Fv2%2Fmedia&parent=381"}],"wp:term":[{"taxonomy":"post_tag","embeddable":true,"href":"https:\/\/heimatmuseum-allendorf.de\/index.php?rest_route=%2Fwp%2Fv2%2Ftags&post=381"},{"taxonomy":"tribe_events_cat","embeddable":true,"href":"https:\/\/heimatmuseum-allendorf.de\/index.php?rest_route=%2Fwp%2Fv2%2Ftribe_events_cat&post=381"}],"curies":[{"name":"wp","href":"https:\/\/api.w.org\/{rel}","templated":true}]}}

Museumsgebäude und Bürgertreff geöffnet
