{"id":409,"date":"2024-10-27T17:01:54","date_gmt":"2024-10-27T16:01:54","guid":{"rendered":"https:\/\/heimatmuseum-allendorf.de\/?post_type=tribe_events&#038;p=409"},"modified":"2025-04-23T08:28:13","modified_gmt":"2025-04-23T07:28:13","slug":"museumsgebaeude-und-buergertreff-geoeffnet-3","status":"publish","type":"tribe_events","link":"https:\/\/heimatmuseum-allendorf.de\/?tribe_events=museumsgebaeude-und-buergertreff-geoeffnet-3","title":{"rendered":"Museumsgeb\u00e4ude und B\u00fcrgertreff ge\u00f6ffnet"},"content":{"rendered":"<p><img loading=\"lazy\" decoding=\"async\" class=\"alignnone size-medium wp-image-659\" src=\"http:\/\/heimatmuseum-allendorf.de\/wp-content\/uploads\/2025\/04\/2025-05-04-Maerchenlesung-off-platt-208x300.jpg\" alt=\"\" width=\"208\" height=\"300\" srcset=\"https:\/\/heimatmuseum-allendorf.de\/wp-content\/uploads\/2025\/04\/2025-05-04-Maerchenlesung-off-platt-208x300.jpg 208w, https:\/\/heimatmuseum-allendorf.de\/wp-content\/uploads\/2025\/04\/2025-05-04-Maerchenlesung-off-platt-709x1024.jpg 709w, https:\/\/heimatmuseum-allendorf.de\/wp-content\/uploads\/2025\/04\/2025-05-04-Maerchenlesung-off-platt-768x1110.jpg 768w, https:\/\/heimatmuseum-allendorf.de\/wp-content\/uploads\/2025\/04\/2025-05-04-Maerchenlesung-off-platt-1063x1536.jpg 1063w, https:\/\/heimatmuseum-allendorf.de\/wp-content\/uploads\/2025\/04\/2025-05-04-Maerchenlesung-off-platt-1418x2048.jpg 1418w, https:\/\/heimatmuseum-allendorf.de\/wp-content\/uploads\/2025\/04\/2025-05-04-Maerchenlesung-off-platt.jpg 1500w\" sizes=\"auto, (max-width: 208px) 100vw, 208px\" \/><\/p>\n","protected":false},"excerpt":{"rendered":"","protected":false},"author":3,"featured_media":0,"template":"","meta":{"_tribe_events_status":"","_tribe_events_status_reason":"","footnotes":""},"tags":[],"tribe_events_cat":[],"class_list":["post-409","tribe_events","type-tribe_events","status-publish","hentry"],"_links":{"self":[{"href":"https:\/\/heimatmuseum-allendorf.de\/index.php?rest_route=\/wp\/v2\/tribe_events\/409","targetHints":{"allow":["GET"]}}],"collection":[{"href":"https:\/\/heimatmuseum-allendorf.de\/index.php?rest_route=\/wp\/v2\/tribe_events"}],"about":[{"href":"https:\/\/heimatmuseum-allendorf.de\/index.php?rest_route=\/wp\/v2\/types\/tribe_events"}],"author":[{"embeddable":true,"href":"https:\/\/heimatmuseum-allendorf.de\/index.php?rest_route=\/wp\/v2\/users\/3"}],"version-history":[{"count":2,"href":"https:\/\/heimatmuseum-allendorf.de\/index.php?rest_route=\/wp\/v2\/tribe_events\/409\/revisions"}],"predecessor-version":[{"id":661,"href":"https:\/\/heimatmuseum-allendorf.de\/index.php?rest_route=\/wp\/v2\/tribe_events\/409\/revisions\/661"}],"wp:attachment":[{"href":"https:\/\/heimatmuseum-allendorf.de\/index.php?rest_route=%2Fwp%2Fv2%2Fmedia&parent=409"}],"wp:term":[{"taxonomy":"post_tag","embeddable":true,"href":"https:\/\/heimatmuseum-allendorf.de\/index.php?rest_route=%2Fwp%2Fv2%2Ftags&post=409"},{"taxonomy":"tribe_events_cat","embeddable":true,"href":"https:\/\/heimatmuseum-allendorf.de\/index.php?rest_route=%2Fwp%2Fv2%2Ftribe_events_cat&post=409"}],"curies":[{"name":"wp","href":"https:\/\/api.w.org\/{rel}","templated":true}]}}

Museumsgebäude und Bürgertreff geöffnet
