{"id":415,"date":"2024-10-27T17:04:34","date_gmt":"2024-10-27T16:04:34","guid":{"rendered":"https:\/\/heimatmuseum-allendorf.de\/?post_type=tribe_events&#038;p=415"},"modified":"2025-05-26T14:03:49","modified_gmt":"2025-05-26T13:03:49","slug":"museumsgebaeude-und-buergertreff-geoeffnet-4","status":"publish","type":"tribe_events","link":"https:\/\/heimatmuseum-allendorf.de\/?tribe_events=museumsgebaeude-und-buergertreff-geoeffnet-4","title":{"rendered":"Museumsgeb\u00e4ude und B\u00fcrgertreff ge\u00f6ffnet"},"content":{"rendered":"<p><strong>Am Sonntag, 1. Juni 2025, ab 14.00 Uhr,<\/strong><\/p>\n<p><strong>sind die Museumsgeb\u00e4ude sowie der B\u00fcrger-<\/strong><\/p>\n<p><strong>treff Allendorfer Altstadt ge\u00f6ffnet.<\/strong><\/p>\n<p><strong>Nach oder vor der Museumsbesichtigung sind <\/strong><\/p>\n<p><strong>die BesucherInnen zu Kalt- und Hei\u00dfgetr\u00e4nken sowie <\/strong><\/p>\n<p><strong>Geb\u00e4ck in den B\u00fcrgertreff eingeladen.<\/strong><\/p>\n<p><strong>\u00a0<\/strong><\/p>\n<p><strong>Wir freuen uns auf viele G\u00e4ste.<\/strong><\/p>\n","protected":false},"excerpt":{"rendered":"<p>Am Sonntag, 1. Juni 2025, ab 14.00 Uhr, sind die Museumsgeb\u00e4ude sowie der B\u00fcrger- treff Allendorfer Altstadt ge\u00f6ffnet. Nach oder vor der Museumsbesichtigung sind die BesucherInnen zu Kalt- und Hei\u00dfgetr\u00e4nken sowie Geb\u00e4ck in den B\u00fcrgertreff eingeladen. \u00a0 Wir freuen uns &hellip; <a href=\"https:\/\/heimatmuseum-allendorf.de\/?tribe_events=museumsgebaeude-und-buergertreff-geoeffnet-4\">Weiterlesen <span class=\"meta-nav\">&rarr;<\/span><\/a><\/p>\n","protected":false},"author":3,"featured_media":0,"template":"","meta":{"_tribe_events_status":"","_tribe_events_status_reason":"","footnotes":""},"tags":[],"tribe_events_cat":[],"class_list":["post-415","tribe_events","type-tribe_events","status-publish","hentry"],"_links":{"self":[{"href":"https:\/\/heimatmuseum-allendorf.de\/index.php?rest_route=\/wp\/v2\/tribe_events\/415","targetHints":{"allow":["GET"]}}],"collection":[{"href":"https:\/\/heimatmuseum-allendorf.de\/index.php?rest_route=\/wp\/v2\/tribe_events"}],"about":[{"href":"https:\/\/heimatmuseum-allendorf.de\/index.php?rest_route=\/wp\/v2\/types\/tribe_events"}],"author":[{"embeddable":true,"href":"https:\/\/heimatmuseum-allendorf.de\/index.php?rest_route=\/wp\/v2\/users\/3"}],"version-history":[{"count":2,"href":"https:\/\/heimatmuseum-allendorf.de\/index.php?rest_route=\/wp\/v2\/tribe_events\/415\/revisions"}],"predecessor-version":[{"id":699,"href":"https:\/\/heimatmuseum-allendorf.de\/index.php?rest_route=\/wp\/v2\/tribe_events\/415\/revisions\/699"}],"wp:attachment":[{"href":"https:\/\/heimatmuseum-allendorf.de\/index.php?rest_route=%2Fwp%2Fv2%2Fmedia&parent=415"}],"wp:term":[{"taxonomy":"post_tag","embeddable":true,"href":"https:\/\/heimatmuseum-allendorf.de\/index.php?rest_route=%2Fwp%2Fv2%2Ftags&post=415"},{"taxonomy":"tribe_events_cat","embeddable":true,"href":"https:\/\/heimatmuseum-allendorf.de\/index.php?rest_route=%2Fwp%2Fv2%2Ftribe_events_cat&post=415"}],"curies":[{"name":"wp","href":"https:\/\/api.w.org\/{rel}","templated":true}]}}

Museumsgebäude und Bürgertreff geöffnet

<p><strong>Am Sonntag, 1. Juni 2025, ab 14.00 Uhr,</strong></p>
<p><strong>sind die Museumsgebäude sowie der Bürger-</strong></p>
<p><strong>treff Allendorfer Altstadt geöffnet.</strong></p>
<p><strong>Nach oder vor der Museumsbesichtigung sind </strong></p>
<p><strong>die BesucherInnen zu Kalt- und Heißgetränken sowie </strong></p>
<p><strong>Gebäck in den Bürgertreff eingeladen.</strong></p>
<p><strong> </strong></p>
<p><strong>Wir freuen uns auf viele Gäste.</strong></p>

<p>Am Sonntag, 1. Juni 2025, ab 14.00 Uhr, sind die Museumsgebäude sowie der Bürger- treff Allendorfer Altstadt geöffnet. Nach oder vor der Museumsbesichtigung sind die BesucherInnen zu Kalt- und Heißgetränken sowie Gebäck in den Bürgertreff eingeladen.   Wir freuen uns &hellip; <a href="https://heimatmuseum-allendorf.de/?tribe_events=museumsgebaeude-und-buergertreff-geoeffnet-4">Weiterlesen <span class="meta-nav">&rarr;</span></a></p>
